, 3, 5, 31, 43
What are the prime factors of 1100?
2, 5, 11
What are the prime factors of 18217?
18217
List the prime factors of 30941.
30941
List the prime factors of 1576.
2, 197
What are the prime factors of 52950?
2, 3, 5, 353
List the prime factors of 5713.
29, 197
What are the prime factors of 413?
7, 59
What are the prime factors of 2017?
2017
What are the prime factors of 12180?
2, 3, 5, 7, 29
What are the prime factors of 7332?
2, 3, 13, 47
What are the prime factors of 2479?
37, 67
What are the prime factors of 38?
2, 19
List the prime factors of 1015.
5, 7, 29
What are the prime factors of 238?
2, 7, 17
What are the prime factors of 28057?
28057
List the prime factors of 15058.
2, 7529
List the prime factors of 36.
2, 3
What are the prime factors of 16394?
2, 7, 1171
What are the prime factors of 13255?
5, 11, 241
List the prime factors of 551.
19, 29
What are the prime factors of 1177?
11, 107
What are the prime factors of 26078?
2, 13, 17, 59
List the prime factors of 1445.
5, 17
What are the prime factors of 2135?
5, 7, 61
What are the prime factors of 12747?
3, 7, 607
What are the prime factors of 10308?
2, 3, 859
List the prime factors of 24728.
2, 11, 281
What are the prime factors of 67420?
2, 5, 3371
List the prime factors of 620.
2, 5, 31
List the prime factors of 509.
509
List the prime factors of 29963.
19, 83
List the prime factors of 3327.
3, 1109
What are the prime factors of 4982?
2, 47, 53
What are the prime factors of 16241?
109, 149
What are the prime factors of 8461?
8461
List the prime factors of 2893.
11, 263
What are the prime factors of 47996?
2, 13, 71
List the prime factors of 8174.
2, 61, 67
What are the prime factors of 48501?
3, 17, 317
What are the prime factors of 430?
2, 5, 43
What are the prime factors of 1336?
2, 167
List the prime factors of 4242.
2, 3, 7, 101
List the prime factors of 33722.
2, 13, 1297
What are the prime factors of 2608?
2, 163
List the prime factors of 15720.
2, 3, 5, 131
List the prime factors of 14931.
3, 7, 79
List the prime factors of 69986.
2, 7, 4999
List the prime factors of 1864.
2, 233
What are the prime factors of 1213?
1213
List the prime factors of 17303.
11, 13
What are the prime factors of 1151?
1151
List the prime factors of 907.
907
What are the prime factors of 185917?
185917
What are the prime factors of 4621?
4621
List the prime factors of 2979.
3, 331
List the prime factors of 1359.
3, 151
What are the prime factors of 1145?
5, 229
What are the prime factors of 1121?
19, 59
What are the prime factors of 16?
2
What are the prime factors of 1789?
1789
List the prime factors of 2027.
2027
List the prime factors of 638.
2, 11, 29
What are the prime factors of 788?
2, 197
What are the prime factors of 47296?
2, 739
What are the prime factors of 16658?
2, 8329
List the prime factors of 18370.
2, 5, 11, 167
List the prime factors of 11916.
2, 3, 331
List the prime factors of 6252.
2, 3, 521
List the prime factors of 12939.
3, 19, 227
List the prime factors of 786.
2, 3, 131
What are the prime factors of 212?
2, 53
What are the prime factors of 44495?
5, 11, 809
What are the prime factors of 12447?
3, 461
What are the prime factors of 3706?
2, 17, 109
List the prime factors of 7233.
3, 2411
What are the prime factors of 468?
2, 3, 13
What are the prime factors of 4437?
3, 17, 29
What are the prime factors of 22116?
2, 3, 19, 97
List the prime factors of 3082.
2, 23, 67
List the prime factors of 3054.
2, 3, 509
What are the prime factors of 51093?
3, 7, 811
List the prime factors of 35947.
103, 349
What are the prime factors of 10?
2, 5
List the prime factors of 15646.
2, 7823
List the prime factors of 41071.
67, 613
What are the prime factors of 39115?
5, 7823
What are the prime factors of 2236?
2, 13, 43
List the prime factors of 1092.
2, 3, 7, 13
List the prime factors of 133.
7, 19
List the prime factors of 3404.
2, 23, 37
List the prime factors of 46275.
3, 5, 617
List the prime factors of 1120.
2, 5, 7
List the prime factors of 1039.
1039
What are the prime factors of 1540?
2, 5, 7, 11
What are the prime factors of 5132?
2, 1283
List the prime factors of 97675.
5, 3907
What are the prime factors of 3109?
3109
What are the prime factors of 9725?
5, 389
List the prime factors of 463.
463
List the prime factors of 4448.
2, 139
List the prime factors of 1967.
7, 281
What are the prime factors of 1743?
3, 7, 83
List the prime factors of 4078.
2, 2039
List the prime factors of 27991.
23, 1217
List the prime factors of 442.
2, 13, 17
What are the prime factors of 16260?
2, 3, 5, 271
What are the prime factors of 3545?
5, 709
List the prime factors of 15724.
2, 3931
List the prime factors of 2062.
2, 1031
What are the prime factors of 602?
2, 7, 43
What are the prime factors of 69267?
3, 11, 2099
List the prime factors of 1530.
2, 3, 5, 17
What are the prime factors of 3599?
59, 61
What are the prime factors of 63650?
2, 5, 19, 67
List the prime factors of 2667.
3, 7, 127
List the prime factors of 7091.
7, 1013
List the prime factors of 1320.
2, 3, 5, 11
What are the prime factors of 14400?
2, 3, 5
What are the prime factors of 335?
5, 67
What are the prime factors of 2661?
3, 887
What are the prime factors of 110015?
5, 22003
List the prime factors of 5946.
2, 3, 991
List the prime factors of 5125.
5, 41
What are the prime factors of 82079?
211, 389
List the prime factors of 8108.
2, 2027
What are the prime factors of 858?
2, 3, 11, 13
What are the prime factors of 2103?
3, 701
What are the prime factors of 988?
2, 13, 19
What are the prime factors of 6506?
2, 3253
List the prime factors of 325.
5, 13
List the prime factors of 20500.
2, 5, 41
What are the prime factors of 894?
2, 3, 149
List the prime factors of 1695.
3, 5, 113
List the prime factors of 10651.
10651
List the prime factors of 839.
839
What are the prime factors of 148544?
2, 11, 211
List the prime factors of 35557.
31, 37
List the prime factors of 490.
2, 5, 7
List the prime factors of 2909.
2909
List the prime factors of 43.
43
List the prime factors of 1715.
5, 7
List the prime factors of 6290.
2, 5, 17, 37
What are the prime factors of 2544?
2, 3, 53
What are the prime factors of 17788?
2, 4447
What are the prime factors of 1151?
1151
List the prime factors of 480.
2, 3, 5
List the prime factors of 4853.
23, 211
List the prime factors of 6857.
6857
What are the prime factors of 6530?
2, 5, 653
List the prime factors of 666.
2, 3, 37
List the prime factors of 1812.
2, 3, 151
What are the prime factors of 5159?
7, 11, 67
List the prime factors of 4116.
2, 3, 7
List the prime factors of 49680.
2, 3, 5, 23
List the prime factors of 27565.
5, 37, 149
What are the prime factors of 2996?
2, 7, 107
What are the prime factors of 2519?
11, 229
List the prime factors of 23814.
2, 3, 7
List the prime factors of 4487.
7, 641
What are the prime factors of 782?
2, 17, 23
List the prime factors of 1677.
3, 13, 43
What are the prime factors of 16227?
3, 601
List the prime factors of 587.
587
List the prime factors of 12501.
3, 463
List the prime factors of 5051.
5051
List the prime factors of 49151.
23, 2137
What are the prime factors of 2443?
7, 349
What are the prime factors of 901?
17, 53
What are the prime factors of 2004?
2, 3, 167
List the prime factors of 4727.
29, 163
List the prime factors of 195740.
2, 5, 9787
What are the prime factors of 84055?
5, 16811
List the prime factors of 5096.
2, 7, 13
What are the prime factors of 1770?
2, 3, 5, 59
What are the prime factors of 17220?
2, 3, 5, 7, 41
What are the prime factors of 2380?
2, 5, 7, 17
List the prime factors of 1165.
5, 233
List the prime factors of 6654.
2, 3, 1109
What are the prime factors of 1757?
7, 251
What are the prime factors of 165460?
2, 5, 8273
What are the prime factors of 22552?
2, 2819
What are the prime factors of 6408?
2, 3, 89
List the prime factors of 211.
211
List the prime factors of 561.
3, 11, 17
What are the prime factors of 691?
691
What are the prime factors of 7224?
2, 3, 7, 43
List the prime factors of 3763.
53, 71
What are the prime factors of 1056?
2, 3, 11
List the prime factors of 387.
3, 43
What are the prime factors of 563?
563
List the prime factors of 609.
3, 7, 29
List the prime factors of 1625.
5, 13
What are t